-1).
-499
Let q(v) = -8*v**3 + 42*v**2 - 12*v - 1. Calculate q(5).
-11
Let c(l) = -69*l - 6147. Calculate c(-89).
-6
Let y(q) = -q**3 + 156*q**2 - 161*q + 933. Give y(155).
3
Let o(q) = -q**3 - q**2 + 4*q - 3. Determine o(0).
-3
Let b(f) = -2*f**2 - 70*f + 55. Calculate b(-36).
-17
Let h(s) = s**2 - 3045*s + 12145. Give h(4).
-19
Let h(t) = 380*t + 3020. What is h(-8)?
-20
Let z(w) = 262*w + 1301. What is z(-5)?
-9
Let h(u) = 2*u**3 + 9*u**2 - 111*u - 3. Give h(-10).
7
Let z(v) = -23049*v + 15. Give z(0).
15
Let i(h) = -39*h - 105. Calculate i(-2).
-27
Let l(g) = 5*g**2 - 50*g + 233. What is l(17)?
828
Let r(k) = k**2 - 22*k + 45. Determine r(5).
-40
Let u(g) = g**2 - 103*g - 316. Determine u(-3).
2
Let m(o) = -o**2 - 1410*o + 5644. Give m(4).
-12
Let g(z) = -z**3 - 353*z**2 - 2066*z + 5539. What is g(-347)?
-13
Let b(j) = -j**3 + 39*j**2 - 54*j + 57. Calculate b(38).
-551
Let h(m) = m**3 - 6*m**2 - 8*m + 89. Determine h(7).
82
Let z(p) = -7960*p - 15915. Give z(-2).
5
Let j(v) = v**2 + 80*v + 379. Calculate j(-5).
4
Let i(r) = -458*r**2 - 1829*r + 17. What is i(-4)?
5
Let a(o) = o**3 + 3*o**2 - 48*o - 11. Calculate a(6).
25
Let r(l) = 162*l + 109. Calculate r(-4).
-539
Let k(z) = 2402*z + 12003. Determine k(-5).
-7
Let s(a) = 48*a + 179. Calculate s(-5).
-61
Let a(s) = 11*s - 215. What is a(16)?
-39
Let p(i) = i**3 + 2*i**2 - 29*i - 28. What is p(-5)?
42
Let t(a) = -23*a + 64. What is t(9)?
-143
Let i(n) = n**3 - 10*n**2 - 38*n + 1. Give i(-4).
-71
Let p(t) = 5*t**3 + 1722*t**2 - 1021*t + 4822. Determine p(-345).
-8
Let h(a) = a**3 - 78*a**2 + 221*a + 322. Give h(75).
22
Let r(z) = z**2 - 40*z - 8. Calculate r(31).
-287
Let t(z) = 2194*z + 8801. Calculate t(-4).
25
Let i(h) = 664*h + 6626. What is i(-10)?
-14
Let i(u) = 103*u + 578. Determine i(-2).
372
Let o(f) = -3563*f**2 + 74823*f + 4. What is o(21)?
4
Let f(l) = 4*l**2 + 622*l - 1905. Give f(3).
-3
Let t(v) = -36*v**3 - 12*v**2 - 12*v + 5. What is t(-1)?
41
Let d(g) = 43*g - 924. Give d(22).
22
Let y(g) = 11*g**2 + 174*g + 28. What is y(-9)?
-647
Let b(k) = -k**2 - 39*k + 6430. Give b(63).
4
Let u(m) = 869*m - 10429. Determine u(12).
-1
Let i(r) = 82*r + 1813. What is i(-21)?
91
Let j(d) = -5*d**2 - 1168*d + 2338. Calculate j(2).
-18
Let v(l) = -l**2 - 94*l - 274. Calculate v(-3).
-1
Let j(t) = -8*t - 305. Calculate j(0).
-305
Let b(n) = -236*n + 16. What is b(0)?
16
Let a(m) = 4817*m + 96346. Determine a(-20).
6
Let r(k) = k**2 - 117*k - 2729. What is r(-20)?
11
Let k(g) = 27*g**3 - 2*g**2 - 6*g + 36. Determine k(3).
729
Let s(d) = -d**3 - 18*d**2 - 54*d - 969. Determine s(-18).
3
Let w(y) = y**3 + 186*y**2 + 544*y - 923. Give w(-183).
-8
Let l(n) = -264*n + 1063. Calculate l(4).
7
Let i(v) = -6*v**2 - 2*v - 172. Determine i(0).
-172
Let j(c) = 4*c**3 - 7*c**2 + 5*c - 9. What is j(3)?
51
Let o(y) = 16*y**2 + 2228*y + 552. What is o(-139)?
-4
Let w(h) = -184*h + 1094. Calculate w(5).
174
Let d(j) = -j**3 - 35*j**2 - j + 46. Calculate d(-35).
81
Let d(x) = x**2 - 16*x + 83. What is d(12)?
35
Let z(y) = 17*y - 59. Determine z(10).
111
Let l(d) = -d**2 - 181*d - 5295. What is l(-144)?
33
Let h(v) = 5*v**2 - 216*v + 211. Determine h(42).
-41
Let h(a) = -2*a**3 + 107*a**2 + 397*a + 118. Calculate h(57).
4
Let u(m) = -249*m + 18. Determine u(-1).
267
Let l(a) = a**2 + 88*a + 727. Determine l(-9).
16
Let g(p) = -p**2 + 114*p - 1505. Give g(99).
-20
Let x(p) = -222*p + 1558. Give x(7).
4
Let t(s) = 2*s**3 - 77*s**2 + 40*s - 95. What is t(38)?
-19
Let i(k) = -144*k + 419. Determine i(3).
-13
Let k(y) = -y**3 + 4*y**2 - 19*y + 98. Give k(5).
-22
Let a(l) = 18*l - 146. What is a(10)?
34
Let n(s) = 8337*s + 75029. Give n(-9).
-4
Let k(a) = 5*a**2 + 122*a - 43. Determine k(-24).
-91
Let q(m) = -11*m**3 + 4*m**2 - 10*m + 42. Give q(4).
-638
Let j(y) = -18*y**3 - 522*y**2 - 17*y - 479. Calculate j(-29).
14
Let v(j) = 3*j**2 - 17*j - 10. Determine v(7).
18
Let w(f) = 66*f - 2007. Calculate w(30).
-27
Let r(j) = j**2 + 13*j + 92. Give r(-6).
50
Let j(c) = -2*c**2 + 98*c + 1348. Give j(59).
168
Let d(t) = 115*t + 7136. What is d(-63)?
-109
Let c(g) = 47*g - 4365. What is c(93)?
6
Let p(m) = m**3 + 22*m**2 + 6*m - 68. Calculate p(-22).
-200
Let k(o) = 3*o**2 - 50*o - 93. Determine k(19).
40
Let s(d) = 3*d**3 - 197*d - 595. Calculate s(-3).
-85
Let d(f) = f**2 + 195*f + 1131. Give d(-6).
-3
Let g(u) = 13*u**3 - u + 3. Determine g(-2).
-99
Let n(d) = -d**3 + 5*d**2 - 4*d + 5. Calculate n(2).
9
Let i(x) = -4185*x**2 + 4205*x - 1. Give i(1).
19
Let q(n) = 2*n**3 - 95*n**2 + 20*n + 1251. Determine q(47).
-18
Let r(i) = -i**2 + 35*i - 32. Give r(18).
274
Let x(m) = 52*m + 313. Give x(-6).
1
Let n(s) = -20*s**2 + 49*s + 134. What is n(-3)?
-193
Let c(m) = -492*m - 115614. Calculate c(-235).
6
Let h(i) = -3*i**2 - 32*i - 21. What is h(-10)?
-1
Let q(v) = 147*v - 275. Give q(2).
19
Let g(n) = -n**3 + 11*n**2 - 10*n - 5. Calculate g(9).
67
Let x(q) = -5*q**2 - 11*q - 10. Calculate x(-7).
-178
Let a(c) = -227*c + 2278. Determine a(10).
8
Let v(r) = -28*r - 16. Calculate v(-10).
264
Let i(c) = 3*c**3 + 3*c**2 - 293*c + 8. Determine i(0).
8
Let r(c) = 3*c - 192. Calculate r(40).
-72
Let t(k) = -k**3 + 57*k**2 + 296*k + 356. What is t(-3)?
8
Let c(y) = y**2 + 39*y + 643. Calculate c(-22).
269
Let w(u) = 87*u + 856. What is w(-10)?
-14
Let p(q) = -479*q + 192073. Determine p(401).
-6
Let z(l) = l**3 - 38*l**2 + 84*l + 744. What is z(35)?
9
Let o(c) = 17*c**2 + 4*c - 11. Determine o(3).
154
Let w(u) = 18*u - 1366. Determine w(74).
-34
Let m(u) = -9*u + 84. Give m(4).
48
Let c(z) = -z**3 + 24*z**2 - 24*z - 64. Calculate c(22).
376
Let g(z) = 2*z**3 - 22*z**2 + 11*z + 18. Determine g(11).
139
Let d(p) = 2*p**2 - 28*p - 1635. Give d(37).
67
Let p(m) = 29*m**2 + 3*m + 5. Give p(-4).
457
Let j(f) = 181*f + 379. Determine j(-2).
17
Let p(t) = -t**2 + 14*t - 65. What is p(8)?
-17
Let s(u) = u**3 + 9*u**2 - 44*u - 128. Give s(-12).
-32
Let d(p) = p**2 - 13*p - 1252. Determine d(-29).
-34
Let t(x) = -x**3 - 27*x**2 + 61*x + 17. Calculate t(-29).
-70
Let x(z) = -8*z - 62. Determine x(-10).
18
Let z(g) = 188*g - 1073. Calculate z(6).
55
Let s(v) = -85*v + 709. Give s(8).
29
Let d(h) = h**2 - 5*h - 278. Give d(-13).
-44
Let n(u) = 9*u**2 + 369*u + 355. What is n(-40)?
-5
Let c(t) = 23*t**2 - 175*t - 449. Give c(-2).
-7
Let l(x) = -3*x**3 + 35*x**2 + 78*x - 2. What is l(-2)?
6
Let j(z) = -6*z**2 - z + 27. What is j(-4)?
-65
Let z(k) = -19*k + 6. Give z(11).
-203
Let j(d) = -d**3 - 284*d**2 + 6069*d - 3341. Determine j(-304).
3
Let p(s) = 159*s + 6. Determine p(-1).
-153
Let o(g) = -g**3 - 19*g**2 - 20*g + 31. What is o(-17)?
-207
Let l(w) = -w**2 - 10*w + 111. Give l(-15).
36
Let n(f) = 51*f + 4773. What is n(-94)?
-21
Let z(v) = 12*v + 270. Determine z(-27).
-54
Let k(v) = 118*v + 202. Give k(-2).
-34
Let f(d) = 2*d**2 + 50*d + 199. What is f(-22)?
67
Let f(c) = -c**2 + 15*c - 29. What is f(15)?
-29
Let c(u) = u**3 + 9*u - 2. Calculate c(0).
-2
Let j(l) = -6*l**2 - 96*l + 13. What is j(-18)?
-203
Let n(d) = -301*d + 299. Determine n(1).
-2
Let z(p) = -458*p + 20157. Calculate z(44).
5
Let a(c) = c**3 - 32*c**2 - 31*c + 51. Determine a(33).
117
Let q(b) = -10*b**3 - 2*b**2 + 18*b - 35. Give q(2).
-87
Let x(a) = 4*a**2 - 60*a - 22. Give x(15).
-22
Let y(q) = -2*q**2 - 58*q - 62. Calculate y(-24).
178
Let x(f) = -303*f + 19. Calculate x(1).
-284
Let p(s) = -s**3 - 20*s**2 - 73*s - 17. Calculate p(-6).
-83
Let d(r) = r**3 - 21*r**2 - 175*r + 3891. Give d(20).
-9
Let s(i) = i**3 - 22*i**2 + 51*i - 188. What is s(20)?
32
Let w(v) = v**3 + 25*v**2 + 7*v + 167. Give w(-25).
-8
Let b(k) = -k**3 - 23*k**2 + 10*k + 88. Determine b(-23).
-142
Let y(c) = -2399*c - 19195. What is y(-8)?
-3
Let o(s) = 234*s + 4004. What is o(-17)?
26
Let o(p) = p**3 + 13*p**2 - 58*p - 754. Determine o(-13).
0
Let n(j) = 203*j - 612. What is n(3)?
-3
Let d(q) = -4311*q - 17246. What is d(-4)?
-2
Let w(q) = -439*q + 3067. Give w(7).
-6
Let c(q) = q**3 - 19*q**2 - 2*q + 19. Determine c(19).
-19
Let a(b) = -163*b + 319. Calculate a(2).
-7
Let b(l) = 2*l**2 + 137*l + 573. Calculate b(-64).
-3
Let v(d) = -2*d**2 + d - 37. What is v(-7)?
-142
Let y(o) = -28*o - 94. What is y(-13)?
270
Let h(n) = 3*n**2 - 360*n + 365. Calculate h(119).
8
Let p(h) = h**2 - 85*h - 5057.